{"id":497,"date":"2015-06-18T18:33:26","date_gmt":"2015-06-18T16:33:26","guid":{"rendered":"https:\/\/www.panweb.at\/filz\/?page_id=497"},"modified":"2021-05-12T20:21:05","modified_gmt":"2021-05-12T18:21:05","slug":"constanze-kroeg-2","status":"publish","type":"page","link":"https:\/\/www.panweb.at\/filz\/constanze-kroeg-2\/","title":{"rendered":"\u00fcber mich"},"content":{"rendered":"\n<figure class=\"wp-block-image size-large is-resized\"><a href=\"https:\/\/i0.wp.com\/www.panweb.at\/filz\/wp-content\/uploads\/2021\/05\/377237C2-2CFD-4917-898E-158359617139-scaled-e1620831638346.jpeg\"><img data-recalc-dims=\"1\" decoding=\"async\" data-attachment-id=\"1426\" data-permalink=\"https:\/\/www.panweb.at\/filz\/377237c2-2cfd-4917-898e-158359617139\/\" data-orig-file=\"https:\/\/i0.wp.com\/www.panweb.at\/filz\/wp-content\/uploads\/2021\/05\/377237C2-2CFD-4917-898E-158359617139-scaled-e1620831638346.jpeg?fit=533%2C800&amp;ssl=1\" data-orig-size=\"533,800\" data-comments-opened=\"0\" data-image-meta=\"{&quot;aperture&quot;:&quot;5.6&quot;,&quot;credit&quot;:&quot;MANFRED KROEG&quot;,&quot;camera&quot;:&quot;NIKON D850&quot;,&quot;caption&quot;:&quot;&quot;,&quot;created_timestamp&quot;:&quot;1615546662&quot;,&quot;copyright&quot;:&quot;&quot;,&quot;focal_length&quot;:&quot;85&quot;,&quot;iso&quot;:&quot;64&quot;,&quot;shutter_speed&quot;:&quot;0.008&quot;,&quot;title&quot;:&quot;&quot;,&quot;orientation&quot;:&quot;1&quot;}\" data-image-title=\"377237C2-2CFD-4917-898E-158359617139\" data-image-description=\"\" data-image-caption=\"\" data-large-file=\"https:\/\/i0.wp.com\/www.panweb.at\/filz\/wp-content\/uploads\/2021\/05\/377237C2-2CFD-4917-898E-158359617139-scaled-e1620831638346.jpeg?fit=683%2C1024&amp;ssl=1\" src=\"https:\/\/i0.wp.com\/www.panweb.at\/filz\/wp-content\/uploads\/2021\/05\/377237C2-2CFD-4917-898E-158359617139-683x1024.jpeg?resize=356%2C534\" alt=\"Portrait\" class=\"wp-image-1426\" width=\"356\" height=\"534\"\/><\/a><\/figure>\n\n\n<h1>\u00a0<\/h1>\n<h3><strong><em>Constanze Habringer-Kr\u00f6g<\/em><\/strong><\/h3>\n<p>Geboren 1972 in Innsbruck<\/p>\n<p>Mutter von 4 Kindern<\/p>\n<p>Ausbildung zur Montessorip\u00e4dagogin<\/p>\n<p>Autodidaktes arbeiten mit Filz<\/p>\n<h3>Seit 2006 Fortbildungen bei internationalen Filzk\u00fcnstlerinnen:<\/h3>\n<p>Charlotte Sehmisch (Deutschland): Filzen von Bekleidung<\/p>\n<p>Elina Saari (Finnland): Filzen mit Nadelvlies<\/p>\n<p>Inge Bauer (Deutschland): Filzen von Bekleidung und Schnittberechnung<\/p>\n<p>Judith Pocs (Ungarn): H\u00fcte und Hutskulpturen<\/p>\n<p>Petra Kunz (Deutschland): Filzen in P\u00e4dagogik und Therapie<\/p>\n<p>Gudrun Geyer: Kalligraphisches auf Filz, Handtaschen mit Textur ( Krokofelt)<\/p>\n<p>Charlotte Buch ( D\u00e4nemark): Dreidimensionale Bekleidung mit Nadelvlies<\/p>\n<p>Gabriele Breuer (Deutschland): F\u00e4rben mit S\u00e4urefarben<\/p>\n<p>Irit Dulman (Israel): Eco Print (Naturf\u00e4rbedruck mit Bl\u00e4ttern auf Filz)<\/p>\n<p>Kariliina Arvilommi und Roderick Welch (Finnland): Dicke Teppichfilze<\/p>\n<h3>Gro\u00dfprojekte zum Thema Filzen in Gemeinschaft an Schulen und Kinderg\u00e4rten:<\/h3>\n<p>Jurtenbau (Mongolisches Filzzelt) an Volksschulen<\/p>\n<p>Teppichherstellung und Gestaltung zu verschiedenen Themen mit Kinderg\u00e4rten und Volksschulen<\/p>\n<p>Teilnahme an Ausstellungen in \u00d6sterreich und Deutschland<\/p>\n<p>Seit 2004 Leitung von Workshops<\/p>\n\n\n<p><\/p>\n","protected":false},"excerpt":{"rendered":"<p>\u00a0 Constanze Habringer-Kr\u00f6g Geboren 1972 in Innsbruck Mutter von 4 Kindern Ausbildung zur Montessorip\u00e4dagogin Autodidaktes arbeiten mit Filz Seit 2006 &hellip; <a href=\"https:\/\/www.panweb.at\/filz\/constanze-kroeg-2\/\" class=\"more-link\">Continue reading <span class=\"screen-reader-text\">\u00fcber mich<\/span><\/a><\/p>\n","protected":false},"author":1,"featured_media":0,"parent":0,"menu_order":0,"comment_status":"closed","ping_status":"open","template":"","meta":{"jetpack_post_was_ever_published":false,"footnotes":""},"class_list":["post-497","page","type-page","status-publish","hentry"],"yoast_head":"<!-- This site is optimized with the Yoast SEO plugin v27.4 - https:\/\/yoast.com\/product\/yoast-seo-wordpress\/ -->\n<title>\u00fcber mich - Constanze Kr\u00f6g<\/title>\n<meta name=\"description\" content=\"Filzkurse in Ober\u00f6sterreich, Filzkunst, Rostf\u00e4rbung, Filzbekleidung, Nunofilz, Ecoprint, filzen lernen, Kleidung, Indigof\u00e4rbung, wohnen, Constanze Kr\u00f6g\" \/>\n<meta name=\"robots\" content=\"index, follow, max-snippet:-1, max-image-preview:large, max-video-preview:-1\" \/>\n<link rel=\"canonical\" href=\"https:\/\/www.panweb.at\/filz\/constanze-kroeg-2\/\" \/>\n<meta property=\"og:locale\" content=\"de_DE\" \/>\n<meta property=\"og:type\" content=\"article\" \/>\n<meta property=\"og:title\" content=\"\u00fcber mich - Constanze Kr\u00f6g\" \/>\n<meta property=\"og:description\" content=\"Filzkurse in Ober\u00f6sterreich, Filzkunst, Rostf\u00e4rbung, Filzbekleidung, Nunofilz, Ecoprint, filzen lernen, Kleidung, Indigof\u00e4rbung, wohnen, Constanze Kr\u00f6g\" \/>\n<meta property=\"og:url\" content=\"https:\/\/www.panweb.at\/filz\/constanze-kroeg-2\/\" \/>\n<meta property=\"og:site_name\" content=\"Constanze Kr\u00f6g\" \/>\n<meta property=\"article:publisher\" content=\"http:\/\/@constanzekroeg\" \/>\n<meta property=\"article:modified_time\" content=\"2021-05-12T18:21:05+00:00\" \/>\n<meta property=\"og:image\" content=\"https:\/\/www.panweb.at\/filz\/wp-content\/uploads\/2021\/05\/377237C2-2CFD-4917-898E-158359617139-683x1024.jpeg\" \/>\n<meta name=\"twitter:card\" content=\"summary_large_image\" \/>\n<meta name=\"twitter:label1\" content=\"Gesch\u00e4tzte Lesezeit\" \/>\n\t<meta name=\"twitter:data1\" content=\"1\u00a0Minute\" \/>\n<script type=\"application\/ld+json\" class=\"yoast-schema-graph\">{\"@context\":\"https:\\\/\\\/schema.org\",\"@graph\":[{\"@type\":\"WebPage\",\"@id\":\"https:\\\/\\\/www.panweb.at\\\/filz\\\/constanze-kroeg-2\\\/\",\"url\":\"https:\\\/\\\/www.panweb.at\\\/filz\\\/constanze-kroeg-2\\\/\",\"name\":\"\u00fcber mich - Constanze Kr\u00f6g\",\"isPartOf\":{\"@id\":\"https:\\\/\\\/www.panweb.at\\\/filz\\\/#website\"},\"primaryImageOfPage\":{\"@id\":\"https:\\\/\\\/www.panweb.at\\\/filz\\\/constanze-kroeg-2\\\/#primaryimage\"},\"image\":{\"@id\":\"https:\\\/\\\/www.panweb.at\\\/filz\\\/constanze-kroeg-2\\\/#primaryimage\"},\"thumbnailUrl\":\"http:\\\/\\\/www.panweb.at\\\/filz\\\/wp-content\\\/uploads\\\/2021\\\/05\\\/377237C2-2CFD-4917-898E-158359617139-683x1024.jpeg\",\"datePublished\":\"2015-06-18T16:33:26+00:00\",\"dateModified\":\"2021-05-12T18:21:05+00:00\",\"description\":\"Filzkurse in Ober\u00f6sterreich, Filzkunst, Rostf\u00e4rbung, Filzbekleidung, Nunofilz, Ecoprint, filzen lernen, Kleidung, Indigof\u00e4rbung, wohnen, Constanze Kr\u00f6g\",\"breadcrumb\":{\"@id\":\"https:\\\/\\\/www.panweb.at\\\/filz\\\/constanze-kroeg-2\\\/#breadcrumb\"},\"inLanguage\":\"de\",\"potentialAction\":[{\"@type\":\"ReadAction\",\"target\":[\"https:\\\/\\\/www.panweb.at\\\/filz\\\/constanze-kroeg-2\\\/\"]}]},{\"@type\":\"ImageObject\",\"inLanguage\":\"de\",\"@id\":\"https:\\\/\\\/www.panweb.at\\\/filz\\\/constanze-kroeg-2\\\/#primaryimage\",\"url\":\"http:\\\/\\\/www.panweb.at\\\/filz\\\/wp-content\\\/uploads\\\/2021\\\/05\\\/377237C2-2CFD-4917-898E-158359617139-683x1024.jpeg\",\"contentUrl\":\"http:\\\/\\\/www.panweb.at\\\/filz\\\/wp-content\\\/uploads\\\/2021\\\/05\\\/377237C2-2CFD-4917-898E-158359617139-683x1024.jpeg\"},{\"@type\":\"BreadcrumbList\",\"@id\":\"https:\\\/\\\/www.panweb.at\\\/filz\\\/constanze-kroeg-2\\\/#breadcrumb\",\"itemListElement\":[{\"@type\":\"ListItem\",\"position\":1,\"name\":\"Home\",\"item\":\"https:\\\/\\\/www.panweb.at\\\/filz\\\/\"},{\"@type\":\"ListItem\",\"position\":2,\"name\":\"\u00fcber mich\"}]},{\"@type\":\"WebSite\",\"@id\":\"https:\\\/\\\/www.panweb.at\\\/filz\\\/#website\",\"url\":\"https:\\\/\\\/www.panweb.at\\\/filz\\\/\",\"name\":\"Constanze Kr\u00f6g\",\"description\":\"Filzkurse in Ober\u00f6sterreich, Filzkunst, Rostf\u00e4rbung, Filzbekleidung, Nunofilz, Ecoprint, filzen lernen\",\"publisher\":{\"@id\":\"https:\\\/\\\/www.panweb.at\\\/filz\\\/#organization\"},\"potentialAction\":[{\"@type\":\"SearchAction\",\"target\":{\"@type\":\"EntryPoint\",\"urlTemplate\":\"https:\\\/\\\/www.panweb.at\\\/filz\\\/?s={search_term_string}\"},\"query-input\":{\"@type\":\"PropertyValueSpecification\",\"valueRequired\":true,\"valueName\":\"search_term_string\"}}],\"inLanguage\":\"de\"},{\"@type\":\"Organization\",\"@id\":\"https:\\\/\\\/www.panweb.at\\\/filz\\\/#organization\",\"name\":\"Constanze Kr\u00f6g\\\/ Filz Hand Werk\",\"url\":\"https:\\\/\\\/www.panweb.at\\\/filz\\\/\",\"logo\":{\"@type\":\"ImageObject\",\"inLanguage\":\"de\",\"@id\":\"https:\\\/\\\/www.panweb.at\\\/filz\\\/#\\\/schema\\\/logo\\\/image\\\/\",\"url\":\"https:\\\/\\\/i0.wp.com\\\/www.panweb.at\\\/filz\\\/wp-content\\\/uploads\\\/2025\\\/09\\\/Logo_02_24__web1500px_rgb.jpg?fit=1500%2C1493&ssl=1\",\"contentUrl\":\"https:\\\/\\\/i0.wp.com\\\/www.panweb.at\\\/filz\\\/wp-content\\\/uploads\\\/2025\\\/09\\\/Logo_02_24__web1500px_rgb.jpg?fit=1500%2C1493&ssl=1\",\"width\":1500,\"height\":1493,\"caption\":\"Constanze Kr\u00f6g\\\/ Filz Hand Werk\"},\"image\":{\"@id\":\"https:\\\/\\\/www.panweb.at\\\/filz\\\/#\\\/schema\\\/logo\\\/image\\\/\"},\"sameAs\":[\"http:\\\/\\\/@constanzekroeg\"]}]}<\/script>\n<!-- \/ Yoast SEO plugin. -->","yoast_head_json":{"title":"\u00fcber mich - Constanze Kr\u00f6g","description":"Filzkurse in Ober\u00f6sterreich, Filzkunst, Rostf\u00e4rbung, Filzbekleidung, Nunofilz, Ecoprint, filzen lernen, Kleidung, Indigof\u00e4rbung, wohnen, Constanze Kr\u00f6g","robots":{"index":"index","follow":"follow","max-snippet":"max-snippet:-1","max-image-preview":"max-image-preview:large","max-video-preview":"max-video-preview:-1"},"canonical":"https:\/\/www.panweb.at\/filz\/constanze-kroeg-2\/","og_locale":"de_DE","og_type":"article","og_title":"\u00fcber mich - Constanze Kr\u00f6g","og_description":"Filzkurse in Ober\u00f6sterreich, Filzkunst, Rostf\u00e4rbung, Filzbekleidung, Nunofilz, Ecoprint, filzen lernen, Kleidung, Indigof\u00e4rbung, wohnen, Constanze Kr\u00f6g","og_url":"https:\/\/www.panweb.at\/filz\/constanze-kroeg-2\/","og_site_name":"Constanze Kr\u00f6g","article_publisher":"http:\/\/@constanzekroeg","article_modified_time":"2021-05-12T18:21:05+00:00","og_image":[{"url":"https:\/\/www.panweb.at\/filz\/wp-content\/uploads\/2021\/05\/377237C2-2CFD-4917-898E-158359617139-683x1024.jpeg","type":"","width":"","height":""}],"twitter_card":"summary_large_image","twitter_misc":{"Gesch\u00e4tzte Lesezeit":"1\u00a0Minute"},"schema":{"@context":"https:\/\/schema.org","@graph":[{"@type":"WebPage","@id":"https:\/\/www.panweb.at\/filz\/constanze-kroeg-2\/","url":"https:\/\/www.panweb.at\/filz\/constanze-kroeg-2\/","name":"\u00fcber mich - Constanze Kr\u00f6g","isPartOf":{"@id":"https:\/\/www.panweb.at\/filz\/#website"},"primaryImageOfPage":{"@id":"https:\/\/www.panweb.at\/filz\/constanze-kroeg-2\/#primaryimage"},"image":{"@id":"https:\/\/www.panweb.at\/filz\/constanze-kroeg-2\/#primaryimage"},"thumbnailUrl":"https:\/\/www.panweb.at\/filz\/wp-content\/uploads\/2021\/05\/377237C2-2CFD-4917-898E-158359617139-683x1024.jpeg","datePublished":"2015-06-18T16:33:26+00:00","dateModified":"2021-05-12T18:21:05+00:00","description":"Filzkurse in Ober\u00f6sterreich, Filzkunst, Rostf\u00e4rbung, Filzbekleidung, Nunofilz, Ecoprint, filzen lernen, Kleidung, Indigof\u00e4rbung, wohnen, Constanze Kr\u00f6g","breadcrumb":{"@id":"https:\/\/www.panweb.at\/filz\/constanze-kroeg-2\/#breadcrumb"},"inLanguage":"de","potentialAction":[{"@type":"ReadAction","target":["https:\/\/www.panweb.at\/filz\/constanze-kroeg-2\/"]}]},{"@type":"ImageObject","inLanguage":"de","@id":"https:\/\/www.panweb.at\/filz\/constanze-kroeg-2\/#primaryimage","url":"https:\/\/www.panweb.at\/filz\/wp-content\/uploads\/2021\/05\/377237C2-2CFD-4917-898E-158359617139-683x1024.jpeg","contentUrl":"https:\/\/www.panweb.at\/filz\/wp-content\/uploads\/2021\/05\/377237C2-2CFD-4917-898E-158359617139-683x1024.jpeg"},{"@type":"BreadcrumbList","@id":"https:\/\/www.panweb.at\/filz\/constanze-kroeg-2\/#breadcrumb","itemListElement":[{"@type":"ListItem","position":1,"name":"Home","item":"https:\/\/www.panweb.at\/filz\/"},{"@type":"ListItem","position":2,"name":"\u00fcber mich"}]},{"@type":"WebSite","@id":"https:\/\/www.panweb.at\/filz\/#website","url":"https:\/\/www.panweb.at\/filz\/","name":"Constanze Kr\u00f6g","description":"Filzkurse in Ober\u00f6sterreich, Filzkunst, Rostf\u00e4rbung, Filzbekleidung, Nunofilz, Ecoprint, filzen lernen","publisher":{"@id":"https:\/\/www.panweb.at\/filz\/#organization"},"potentialAction":[{"@type":"SearchAction","target":{"@type":"EntryPoint","urlTemplate":"https:\/\/www.panweb.at\/filz\/?s={search_term_string}"},"query-input":{"@type":"PropertyValueSpecification","valueRequired":true,"valueName":"search_term_string"}}],"inLanguage":"de"},{"@type":"Organization","@id":"https:\/\/www.panweb.at\/filz\/#organization","name":"Constanze Kr\u00f6g\/ Filz Hand Werk","url":"https:\/\/www.panweb.at\/filz\/","logo":{"@type":"ImageObject","inLanguage":"de","@id":"https:\/\/www.panweb.at\/filz\/#\/schema\/logo\/image\/","url":"https:\/\/i0.wp.com\/www.panweb.at\/filz\/wp-content\/uploads\/2025\/09\/Logo_02_24__web1500px_rgb.jpg?fit=1500%2C1493&ssl=1","contentUrl":"https:\/\/i0.wp.com\/www.panweb.at\/filz\/wp-content\/uploads\/2025\/09\/Logo_02_24__web1500px_rgb.jpg?fit=1500%2C1493&ssl=1","width":1500,"height":1493,"caption":"Constanze Kr\u00f6g\/ Filz Hand Werk"},"image":{"@id":"https:\/\/www.panweb.at\/filz\/#\/schema\/logo\/image\/"},"sameAs":["http:\/\/@constanzekroeg"]}]}},"jetpack_sharing_enabled":true,"jetpack_shortlink":"https:\/\/wp.me\/P7FOsf-81","jetpack-related-posts":[{"id":306,"url":"https:\/\/www.panweb.at\/filz\/filzkurse-in-oberoesterreich-filzkunst-rostfaerbung-filzbekleidung-nunofilz-ecoprint-filzen-lernen-brautkleider\/","url_meta":{"origin":497,"position":0},"title":"Arbeiten","author":"constanze","date":"24. November 2014","format":false,"excerpt":"","rel":"","context":"\u00c4hnlicher Beitrag","block_context":{"text":"\u00c4hnlicher Beitrag","link":""},"img":{"alt_text":"","src":"https:\/\/i0.wp.com\/www.panweb.at\/filz\/wp-content\/uploads\/2023\/12\/Co_Stulpen_2211_2023_1083-edited-2.jpeg?resize=350%2C200","width":350,"height":200},"classes":[]},{"id":505,"url":"https:\/\/www.panweb.at\/filz\/filzkurse-in-oberoesterreich-filzkunst-rostfaerbung-filzbekleidung-nunofilz-ecoprint-filzen-lernen-brautkleider\/ecoprint\/","url_meta":{"origin":497,"position":1},"title":"ecoprint","author":"constanze","date":"24. Juli 2015","format":false,"excerpt":"","rel":"","context":"\u00c4hnlicher Beitrag","block_context":{"text":"\u00c4hnlicher Beitrag","link":""},"img":{"alt_text":"Shirt aus Seide und Baumwolle gefilzt mit Ecoprint","src":"https:\/\/i0.wp.com\/www.panweb.at\/filz\/wp-content\/uploads\/2017\/07\/PAN_3481-e1500994313478.jpg?resize=350%2C200&ssl=1","width":350,"height":200,"srcset":"https:\/\/i0.wp.com\/www.panweb.at\/filz\/wp-content\/uploads\/2017\/07\/PAN_3481-e1500994313478.jpg?resize=350%2C200&ssl=1 1x, https:\/\/i0.wp.com\/www.panweb.at\/filz\/wp-content\/uploads\/2017\/07\/PAN_3481-e1500994313478.jpg?resize=525%2C300&ssl=1 1.5x, https:\/\/i0.wp.com\/www.panweb.at\/filz\/wp-content\/uploads\/2017\/07\/PAN_3481-e1500994313478.jpg?resize=700%2C400&ssl=1 2x"},"classes":[]},{"id":293,"url":"https:\/\/www.panweb.at\/filz\/filzkurse-in-oberoesterreich-filzkunst-rostfaerbung-filzbekleidung-nunofilz-ecoprint-filzen-lernen-brautkleider\/brautkleider\/","url_meta":{"origin":497,"position":2},"title":"brautkleider","author":"constanze","date":"24. November 2014","format":false,"excerpt":"","rel":"","context":"\u00c4hnlicher Beitrag","block_context":{"text":"\u00c4hnlicher Beitrag","link":""},"img":{"alt_text":"Brautkleid aus Wolle und Seide mit Stola aus Rohwolle","src":"https:\/\/i0.wp.com\/www.panweb.at\/filz\/wp-content\/uploads\/2017\/07\/PAN_3643-e1500915154723.jpg?resize=350%2C200&ssl=1","width":350,"height":200,"srcset":"https:\/\/i0.wp.com\/www.panweb.at\/filz\/wp-content\/uploads\/2017\/07\/PAN_3643-e1500915154723.jpg?resize=350%2C200&ssl=1 1x, https:\/\/i0.wp.com\/www.panweb.at\/filz\/wp-content\/uploads\/2017\/07\/PAN_3643-e1500915154723.jpg?resize=525%2C300&ssl=1 1.5x, https:\/\/i0.wp.com\/www.panweb.at\/filz\/wp-content\/uploads\/2017\/07\/PAN_3643-e1500915154723.jpg?resize=700%2C400&ssl=1 2x"},"classes":[]},{"id":290,"url":"https:\/\/www.panweb.at\/filz\/filzkurse-in-oberoesterreich-filzkunst-rostfaerbung-filzbekleidung-nunofilz-ecoprint-filzen-lernen-brautkleider\/kleider\/","url_meta":{"origin":497,"position":3},"title":"nahtlos &#8211; wearable artwork","author":"constanze","date":"24. November 2014","format":false,"excerpt":"Black.Indigo.Rust","rel":"","context":"\u00c4hnlicher Beitrag","block_context":{"text":"\u00c4hnlicher Beitrag","link":""},"img":{"alt_text":"","src":"https:\/\/i0.wp.com\/www.panweb.at\/filz\/wp-content\/uploads\/2021\/05\/79DFBF0D-7114-4E66-9E4B-077686E54F25.jpeg?resize=350%2C200","width":350,"height":200,"srcset":"https:\/\/i0.wp.com\/www.panweb.at\/filz\/wp-content\/uploads\/2021\/05\/79DFBF0D-7114-4E66-9E4B-077686E54F25.jpeg?resize=350%2C200 1x, https:\/\/i0.wp.com\/www.panweb.at\/filz\/wp-content\/uploads\/2021\/05\/79DFBF0D-7114-4E66-9E4B-077686E54F25.jpeg?resize=525%2C300 1.5x, https:\/\/i0.wp.com\/www.panweb.at\/filz\/wp-content\/uploads\/2021\/05\/79DFBF0D-7114-4E66-9E4B-077686E54F25.jpeg?resize=700%2C400 2x, https:\/\/i0.wp.com\/www.panweb.at\/filz\/wp-content\/uploads\/2021\/05\/79DFBF0D-7114-4E66-9E4B-077686E54F25.jpeg?resize=1050%2C600 3x"},"classes":[]},{"id":413,"url":"https:\/\/www.panweb.at\/filz\/filzkurse-in-oberoesterreich-filzkunst-rostfaerbung-filzbekleidung-nunofilz-ecoprint-filzen-lernen-brautkleider\/wohnen\/","url_meta":{"origin":497,"position":4},"title":"wohnen","author":"constanze","date":"30. Januar 2015","format":false,"excerpt":"Work in Progress, Mountmed project","rel":"","context":"\u00c4hnlicher Beitrag","block_context":{"text":"\u00c4hnlicher Beitrag","link":""},"img":{"alt_text":"","src":"https:\/\/i0.wp.com\/www.panweb.at\/filz\/wp-content\/uploads\/2025\/04\/IMG_6104.jpeg?resize=350%2C200&ssl=1","width":350,"height":200,"srcset":"https:\/\/i0.wp.com\/www.panweb.at\/filz\/wp-content\/uploads\/2025\/04\/IMG_6104.jpeg?resize=350%2C200&ssl=1 1x, https:\/\/i0.wp.com\/www.panweb.at\/filz\/wp-content\/uploads\/2025\/04\/IMG_6104.jpeg?resize=525%2C300&ssl=1 1.5x, https:\/\/i0.wp.com\/www.panweb.at\/filz\/wp-content\/uploads\/2025\/04\/IMG_6104.jpeg?resize=700%2C400&ssl=1 2x, https:\/\/i0.wp.com\/www.panweb.at\/filz\/wp-content\/uploads\/2025\/04\/IMG_6104.jpeg?resize=1050%2C600&ssl=1 3x, https:\/\/i0.wp.com\/www.panweb.at\/filz\/wp-content\/uploads\/2025\/04\/IMG_6104.jpeg?resize=1400%2C800&ssl=1 4x"},"classes":[]},{"id":1303,"url":"https:\/\/www.panweb.at\/filz\/datenschutzerklaerung\/","url_meta":{"origin":497,"position":5},"title":"Datenschutzerkl\u00e4rung","author":"constanze","date":"3. November 2020","format":false,"excerpt":"Personenbezogene Daten (nachfolgend zumeist nur \u201eDaten\u201c genannt) werden von uns nur im Rahmen der Erforderlichkeit sowie zum Zwecke der Bereitstellung eines funktionsf\u00e4higen und nutzerfreundlichen Internetauftritts, inklusive seiner Inhalte und der dort angebotenen Leistungen, verarbeitet. Gem\u00e4\u00df Art. 4 Ziffer 1. der Verordnung (EU) 2016\/679, also der Datenschutz-Grundverordnung (nachfolgend nur \u201eDSGVO\u201c genannt),\u2026","rel":"","context":"\u00c4hnlicher Beitrag","block_context":{"text":"\u00c4hnlicher Beitrag","link":""},"img":{"alt_text":"","src":"","width":0,"height":0},"classes":[]}],"_links":{"self":[{"href":"https:\/\/www.panweb.at\/filz\/wp-json\/wp\/v2\/pages\/497","targetHints":{"allow":["GET"]}}],"collection":[{"href":"https:\/\/www.panweb.at\/filz\/wp-json\/wp\/v2\/pages"}],"about":[{"href":"https:\/\/www.panweb.at\/filz\/wp-json\/wp\/v2\/types\/page"}],"author":[{"embeddable":true,"href":"https:\/\/www.panweb.at\/filz\/wp-json\/wp\/v2\/users\/1"}],"replies":[{"embeddable":true,"href":"https:\/\/www.panweb.at\/filz\/wp-json\/wp\/v2\/comments?post=497"}],"version-history":[{"count":9,"href":"https:\/\/www.panweb.at\/filz\/wp-json\/wp\/v2\/pages\/497\/revisions"}],"predecessor-version":[{"id":1490,"href":"https:\/\/www.panweb.at\/filz\/wp-json\/wp\/v2\/pages\/497\/revisions\/1490"}],"wp:attachment":[{"href":"https:\/\/www.panweb.at\/filz\/wp-json\/wp\/v2\/media?parent=497"}],"curies":[{"name":"wp","href":"https:\/\/api.w.org\/{rel}","templated":true}]}}